-100101111 + -11001010?
-111111001
In base 3, what is 10001210212 + -2?
10001210210
In base 8, what is -1 + 12204?
12203
In base 12, what is -2b835 + 6?
-2b82b
In base 13, what is 9 + -6122?
-6116
In base 13, what is 1213 + -11c?
10c4
In base 13, what is -1 + 119942?
119941
In base 12, what is 1 - -7a578?
7a579
In base 6, what is -13402 - 152?
-13554
In base 12, what is -13593 - 21?
-135b4
In base 3, what is -112112210120 - 10?
-112112210200
In base 5, what is 341 - -202103?
202444
In base 10, what is 4 - -84200?
84204
In base 12, what is 1575a + 2?
15760
In base 8, what is -41 - 4645?
-4706
In base 8, what is -4604076 - 3?
-4604101
In base 13, what is 0 - -10390?
10390
In base 5, what is -224144 + 4?
-224140
In base 9, what is -2 - -120441?
120438
In base 11, what is 56922 - -2?
56924
In base 3, what is 20112210112 - 12?
20112210100
In base 9, what is -20 - -675?
655
In base 7, what is 1 + 1123445?
1123446
In base 12, what is -4b7 - 922?
-1219
In base 3, what is -11121212 - -1111?
-11120101
In base 5, what is -223021 - -30?
-222441
In base 12, what is -13 - 30718?
-3072b
In base 10, what is -2805 - -15?
-2790
In base 15, what is 123 - -8a?
1ad
In base 3, what is 111211012 + 12?
111211101
In base 13, what is -65 - -3212?
317a
In base 13, what is 32cc6 + 4?
32cca
In base 15, what is -2c11d + c?
-2c111
In base 12, what is 2a3 + -13?
290
In base 6, what is 10523 - -21?
10544
In base 13, what is 50236 - 5?
50231
In base 12, what is -b9 - -14475?
14378
In base 11, what is 11 + 200?
211
In base 5, what is 3411102 + -4?
3411043
In base 10, what is 205416 - -3?
205419
In base 16, what is 132df - 6?
132d9
In base 3, what is -22011210 + 10000?
-22001210
In base 7, what is -212 + -34426?
-34641
In base 2, what is -1111110011110 + 0?
-1111110011110
In base 4, what is 2020 - -10322?
13002
In base 8, what is -16 - -1371?
1353
In base 12, what is 48 - -209?
255
In base 2, what is -1001110111 - -11010101?
-110100010
In base 10, what is -1182 - 113?
-1295
In base 10, what is -226251 + 0?
-226251
In base 12, what is 477b + 3a?
47b9
In base 11, what is 198340 + -5?
198336
In base 15, what is -1903a - -e?
-1902b
In base 9, what is -82 + 1055?
863
In base 15, what is -14 + 42b?
417
In base 8, what is 7222062 + -3?
7222057
In base 4, what is 111133011 - 10?
111133001
In base 9, what is -3 + 7584?
7581
In base 6, what is 10051 - -25433?
35524
In base 9, what is 2752 + 412?
3264
In base 13, what is 218 - -75?
290
In base 2, what is 1011101000101000110 + 11?
1011101000101001001
In base 3, what is 120110201 - -2?
120110210
In base 16, what is -2cb + -7?
-2d2
In base 2, what is -110101100110 - 110111?
-110110011101
In base 10, what is -10 - -12100?
12090
In base 6, what is 0 + 12541?
12541
In base 7, what is 3 + -2204554?
-2204551
In base 4, what is 30 - 3033?
-3003
In base 11, what is a128a - -8?
a1297
In base 8, what is -10215 + -1647?
-12064
In base 9, what is -148788 + -1?
-148800
In base 2, what is 111 - 10010010100111?
-10010010100000
In base 10, what is 22 + -245?
-223
In base 7, what is 50 - -64112?
64162
In base 11, what is -407 + 11?
-3a6
In base 13, what is 3 + 18570?
18573
In base 15, what is 1e28 - e7?
1d31
In base 13, what is b594 - 14?
b580
In base 13, what is 5409 - -3?
540c
In base 11, what is 1253 + -172?
1091
In base 13, what is -960 - 63?
-9c3
In base 10, what is -5997 + -1?
-5998
In base 8, what is -1 + 223430?
223427
In base 5, what is -100 + 21141?
21041
In base 5, what is 13223 + 4242?
23020
In base 14, what is 711 + 3d?
750
In base 4, what is -1002230 + 102?
-1002122
In base 15, what is -29e0e + 2?
-29e0c
In base 14, what is ca - a3?
27
In base 11, what is 311aa9 - a?
311a9a
In base 12, what is 250b0 - 61?
2504b
In base 5, what is 3 + 322004?
322012
In base 13, what is 150458a + 4?
1504591
In base 13, what is 301 + 26c?
570
In base 10, what is -5 + 116070?
116065
In base 4, what is 302 - -11330023?
11330331
In base 10, what is 77513 - -5?
77518
In base 5, what is 12 + 10132314?
10132331
In base 2, what is 100000011101010110 - -10111?
100000011101101101
In base 5, what is -24 - 211031?
-211110
In base 10, what is -1 - 3000?
-3001
In base 6, what is -10140152 + 5?
-10140143
In base 3, what is 222110 + -210000?
12110
In base 8, what is 161667 - 5?
161662
In base 7, what is -36 - -12431?
12362
In base 2, what is -10010 - 101110000110?
-101110011000
In base 16, what is 0 - 38cd?
-38cd
In base 8, what is -6264 - 4?
-6270
In base 8, what is -275 - 1140?
-1435
In base 2, what is -10100 + 110001110110?
110001100010
In base 2, what is -1110 - -100111111011?
100111101101
In base 16, what is f3 - -8d?
180
In base 8, what is 46313 - -36?
46351
In base 12, what is 7063 + 75?
7118
In base 10, what is -3 + -9380?
-9383
In base 11, what is -101 + -14055?
-14156
In base 11, what is -1763 - -432?
-1331
In base 7, what is 562261 + 4?
562265
In base 14, what is -100 - -4048?
3d48
In base 10, what is 1 - -170699?
170700
In base 13, what is -4 + 4b235?
4b231
In base 15, what is 0 + -1382d?
-1382d
In base 4, what is 102 + -233102?
-233000
In base 9, what is 65 + -872?
-806
In base 15, what is -7005 - -2?
-7003
In base 16, what is 4 - 5d1e?
-5d1a
In base 3, what is -2012122120 - -2212?
-2012112201
In base 11, what is 52539 + -1?
52538
In base 14, what is 5420 - a?
5414
In base 2, what is -10001111001001110110100 - 1?
-10001111001001110110101
In base 14, what is 0 + -1b2009?
-1b2009
In base 4, what is -1332302 - -3022?
-1323220
In base 2, what is -101 - 1000001011101?
-1000001100010
In base 8, what is 6331 + 37?
6370
In base 13, what is -1 - 21302?
-21303
In base 5, what is -1224443 + 2?
-1224441
In base 15, what is 2 - -4d49?
4d4b
In base 14, what is -a6 - -206?
140
In base 12, what is 6 - -4b82?
4b88
In base 13, what is 8 + 591a?
5925
In base 6, what is -320425 - 10?
-320435
In base 11, what is -3 + 1621?
1619
In base 9, what is 33121 - 31?
33080
In base 6, what is 2 - -142034?
142040
In base 10, what is 65 - -103512?
103577
In base 16, what is -1 - -4ee02?
4ee01
In base 13, what is -4b269 - -3?
-4b266
In base 4, what is -131021300 + 1?
-131021233
In base 13, what is -1 - 4176?
-4177
In base 9, what is 35338 + 2?
35341
In base 2, what is 11011001111001 - -101?
11011001111110
In base 10, what is -4 - -561701?
561697
In base 4, what is 21132133 + -1?
21132132
In base 11, what is -5022a - -2?
-50228
In base 16, what is 1b7 + 9e?
255
In base 11, what is 3387 + 31?
3408
In base 6, what is -112 + -2053505?
-2054021
In base 13, what is -484 - -2?
-482
In base 6, what is -25120 + 0?
-25120
In base 14, what is -3 - 26c4?
-26c7
In base 2, what is -1101100000101001100 - 1?
-1101100000101001101
In base 3, what is -111 + -21022011?
-21022122
In base 11, what is -39021 + -2?
-39023
In base 10, what is -5 - -28811?
28806
In base 8, what is 1 + 277024?
277025
In base 12, what is -4 + b552?
b54a
In base 11, what is -45 - 3a20?
-3a65
In base 6, what is 13210 - -22?
13232
In base 3, what is 0 - 10021121002?
-10021121002
In base 3, what is -20212 - 1212?
-22201
In base 10, what is 2408 - -48?
2456
In base 12, what is -2 - -4b087?
4b085
In base 7, what is -50 - -6361?
6311
In base 15, what is -11 - 131?
-142
In base 11, what is 611 - -21a1?
2802
In base 4, what is 130 - 10302?
-10112
In base 12, what is 38 + 37127?
37163
In base 6, what is -15 - -4455?
4440
In base 7, what is 54 - -121636?
122023
In base 9, what is -2 + -48476?
-48478
In base 8, what is -5 - -2414?
2407
In base 8, what is 16663443 - -1?
16663444
In base 6, what is -4 + -13233?
-13241
In base 13, what is 12 + -162a65?
-162a53
In base 12, what is 542 - a3?
45b
In base 16, what is 2 - ed59?
-ed57
In base 9, what is 3 + 154060?
154063
In base 7, what is -55251 - -4?
-55244
In base 4, what is 11 - 101010201?
-101010130
In base 16, what is 3af0 - -1b?
3b0b
In base 14, what is 274b06 + 0?
274b06
In base 13, what is -19cbc - 0?
-19cbc
In base 5, what is -44241 + -43?
-44334
In base 2, what is 10111101011011010 - 1?
10111101011011001
In base 12, what is -87285 - 1?
-87286
In base 4, what is -123321201 - -1?
-123321200
In base 12, what is 3 + -4039?
-4036
In base 10, what is 30 + 31554?
31584
In base 4, what is 11 + -1233111213?
-1233111202
In base 16, what is 4 - 57904?
-57900
In base 9, what is -2 + 1854081?
1854078
In base 8